of 14 and 3710?
14
What is the highest common factor of 144 and 552?
24
What is the highest common factor of 95 and 210?
5
What is the highest common factor of 21 and 7861?
7
Calculate the highest common divisor of 64 and 544.
32
Calculate the highest common divisor of 90 and 1530.
90
Calculate the highest common divisor of 21 and 5502.
21
What is the greatest common divisor of 4 and 212?
4
What is the greatest common divisor of 63 and 99?
9
What is the greatest common factor of 3942 and 162?
54
What is the highest common divisor of 63 and 35?
7
What is the highest common divisor of 1980 and 225?
45
What is the greatest common divisor of 136 and 4658?
34
Calculate the greatest common divisor of 3944 and 952.
136
What is the highest common divisor of 42 and 336?
42
What is the greatest common divisor of 15 and 35?
5
Calculate the highest common divisor of 10 and 2495.
5
What is the greatest common divisor of 15 and 1185?
15
What is the highest common factor of 1241 and 2?
1
Calculate the greatest common divisor of 99 and 132.
33
What is the highest common factor of 20 and 52?
4
Calculate the highest common factor of 1533 and 70.
7
Calculate the highest common factor of 1339 and 206.
103
Calculate the highest common divisor of 50 and 2125.
25
Calculate the highest common factor of 98 and 448.
14
Calculate the greatest common factor of 5064 and 24.
24
What is the highest common divisor of 39550 and 70?
70
Calculate the greatest common divisor of 20 and 8.
4
Calculate the highest common divisor of 276 and 3450.
138
What is the greatest common factor of 235 and 329?
47
Calculate the highest common divisor of 12 and 8.
4
Calculate the highest common factor of 68 and 85.
17
Calculate the greatest common factor of 81 and 756.
27
Calculate the greatest common factor of 156 and 236.
4
Calculate the greatest common factor of 592 and 2812.
148
Calculate the highest common factor of 365 and 584.
73
What is the greatest common factor of 760 and 38?
38
What is the highest common factor of 54 and 270?
54
What is the greatest common divisor of 3441 and 37?
37
What is the greatest common factor of 72 and 936?
72
What is the greatest common divisor of 108 and 66?
6
What is the greatest common factor of 12 and 636?
12
What is the highest common factor of 65 and 10?
5
Calculate the highest common divisor of 156 and 13052.
52
What is the greatest common factor of 476 and 28?
28
Calculate the highest common divisor of 54 and 306.
18
Calculate the highest common divisor of 6186 and 12.
6
What is the highest common divisor of 72 and 696?
24
What is the greatest common divisor of 52 and 9321?
13
Calculate the greatest common factor of 4891 and 335.
67
What is the greatest common factor of 728 and 126?
14
What is the greatest common divisor of 12 and 294?
6
Calculate the greatest common factor of 92 and 9683.
23
Calculate the highest common divisor of 24 and 21.
3
What is the greatest common divisor of 38 and 6?
2
What is the highest common factor of 3618 and 54?
54
Calculate the greatest common factor of 909 and 144.
9
Calculate the highest common divisor of 99 and 765.
9
Calculate the greatest common divisor of 864 and 21.
3
Calculate the highest common divisor of 252 and 84.
84
Calculate the highest common divisor of 10 and 65.
5
Calculate the highest common divisor of 210 and 168.
42
Calculate the greatest common divisor of 322 and 28.
14
Calculate the highest common divisor of 5460 and 1050.
210
Calculate the greatest common divisor of 1115 and 5.
5
Calculate the highest common factor of 405 and 45.
45
What is the highest common divisor of 18 and 81?
9
Calculate the highest common divisor of 894 and 96.
6
Calculate the greatest common divisor of 17 and 799.
17
What is the greatest common factor of 77 and 3553?
11
Calculate the greatest common factor of 21 and 483.
21
What is the highest common factor of 20 and 90?
10
Calculate the highest common factor of 35 and 385.
35
What is the greatest common divisor of 2132 and 52?
52
Calculate the highest common factor of 1240 and 2294.
62
Calculate the greatest common divisor of 1081 and 47.
47
What is the highest common divisor of 494 and 456?
38
What is the greatest common divisor of 39 and 624?
39
Calculate the greatest common divisor of 1216 and 96.
32
Calculate the greatest common factor of 8 and 44.
4
What is the highest common factor of 3744 and 1560?
312
Calculate the greatest common divisor of 246 and 642.
6
What is the highest common divisor of 48 and 456?
24
Calculate the greatest common divisor of 15 and 65.
5
Calculate the greatest common divisor of 1 and 37.
1
What is the highest common divisor of 209 and 152?
19
Calculate the greatest common factor of 11904 and 672.
96
What is the highest common factor of 138 and 6302?
46
What is the highest common divisor of 114 and 39?
3
What is the highest common divisor of 136 and 7378?
34
What is the greatest common factor of 8 and 88?
8
What is the greatest common factor of 1930 and 22774?
386
What is the highest common divisor of 2688 and 266?
14
Calculate the greatest common divisor of 6 and 3.
3
Calculate the highest common factor of 14 and 378.
14
Calculate the greatest common factor of 357 and 42.
21
What is the highest common factor of 725 and 203?
29
What is the greatest common divisor of 27 and 12069?
27
What is the greatest common divisor of 32 and 5344?
32
Calculate the highest common factor of 360 and 810.
90
Calculate the greatest common factor of 1582 and 14.
14
What is the greatest common divisor of 84 and 2100?
84
What is the greatest common divisor of 48 and 3672?
24
What is the greatest common factor of 91 and 65?
13
Calculate the greatest common factor of 16 and 1872.
16
Calculate the highest common factor of 104 and 194.
2
What is the highest common factor of 130 and 26?
26
What is the highest common factor of 136 and 170?
34
Calculate the highest common factor of 34 and 39049.
17
Calculate the greatest common factor of 3 and 119.
1
What is the highest common factor of 3502 and 136?
34
Calculate the highest common divisor of 133 and 19.
19
Calculate the highest common factor of 14 and 826.
14
Calculate the highest common factor of 12 and 762.
6
Calculate the highest common divisor of 68 and 340.
68
Calculate the greatest common factor of 14905 and 275.
55
Calculate the greatest common divisor of 415 and 83.
83
Calculate the greatest common divisor of 208 and 16.
16
What is the highest common factor of 18 and 96?
6
What is the highest common factor of 59 and 22597?
59
Calculate the highest common factor of 27 and 1431.
27
Calculate the greatest common divisor of 39 and 2379.
39
What is the greatest common divisor of 80 and 5560?
40
What is the highest common divisor of 8125 and 13?
13
Calculate the highest common divisor of 351 and 1482.
39
What is the highest common divisor of 1728 and 15336?
216
What is the highest common factor of 1170 and 130?
130
Calculate the highest common factor of 64 and 832.
64
What is the greatest common factor of 183 and 305?
61
What is the highest common factor of 15 and 4515?
15
Calculate the greatest common divisor of 6 and 12.
6
Calculate the highest common factor of 990 and 2530.
110
Calculate the greatest common divisor of 43 and 2795.
43
What is the greatest common factor of 12735 and 90?
45
Calculate the highest common factor of 6708 and 156.
156
Calculate the highest common divisor of 2771 and 595.
17
Calculate the highest common divisor of 2 and 54.
2
Calculate the greatest common divisor of 10803 and 156.
39
Calculate the greatest common divisor of 96 and 408.
24
Calculate the greatest common factor of 2632 and 56.
56
Calculate the greatest common factor of 22 and 1507.
11
What is the highest common divisor of 225 and 117?
9
What is the highest common divisor of 44 and 298?
2
What is the greatest common divisor of 1309 and 77?
77
Calculate the highest common divisor of 6 and 8.
2
What is the greatest common factor of 50 and 9550?
50
Calculate the greatest common divisor of 15 and 48.
3
Calculate the greatest common factor of 68 and 1598.
34
Calculate the highest common divisor of 54 and 5346.
54
What is the highest common divisor of 394 and 2?
2
What is the highest common divisor of 133 and 518?
7
Calculate 